0, 4*t = -2*x + 126. Let y = -11 + t. List the prime factors of y.
3, 7
Let n = 45 - 9. Suppose -n = 4*f + 108. Let a = -19 - f. List the prime factors of a.
17
Suppose 9 = -4*c - 19. Let q = 10 + c. Suppose q*t + 18 = a, -2*a - 5*t = a - 12. What are the prime factors of a?
3
Suppose 168 = -5*w + 48. Let n be ((-6)/12)/(1/w). What are the prime factors of (-24)/(-9)*n/8?
2
Let h(g) = 2*g - 15. Let f be h(10). Suppose 3*w = 2*y - 139, 0*y + f*y + 5*w - 310 = 0. What are the prime factors of y?
5, 13
Let x = 210 + -154. List the prime factors of x.
2, 7
Suppose 39996 = 14*b + 19*b. List the prime factors of b.
2, 3, 101
Suppose 0 = -30*a + 29*a + 4. What are the prime factors of (0/1 - a)*(-10)/8?
5
Let w = 16 + -16. Suppose w = -b - 0*b + 1. Let l = 9 - b. What are the prime factors of l?
2
Let l be (-4)/((-3 + 6)/3). Let s(f) = 7*f**2 + f + 4. What are the prime factors of s(l)?
2, 7
What are the prime factors of ((-184)/5)/(-10*5/2875)?
2, 23
Let c(b) = 25*b - 9. Let t be c(6). Suppose 3*o - r - t = 0, -4*o = -3*r + 72 - 265. What are the prime factors of o?
2, 23
Suppose -80*z - 161100 = -110*z. List the prime factors of z.
2, 3, 5, 179
Let k be (-4)/(-6) + (-28)/6 - -11. Suppose -k*j = j - 1288. List the prime factors of j.
7, 23
Let r(z) = z**3 - z**2 - 4*z + 2. Let b be r(6). Let u = b + -97. What are the prime factors of u?
61
Suppose 4*y + 100 = 6*y. Suppose 0 = 3*s - y - 1. Suppose 3 = u - s. List the prime factors of u.
2, 5
Let k(s) = -2*s - 11. Let p be k(-13). List the prime factors of (-3)/p + (-234)/(-60)*18.
2, 5, 7
Let k(v) = -v + 2. Let y be k(0). Let f(w) = 4*w + 2*w**y - 12*w - 3*w**2. List the prime factors of f(-7).
7
Suppose 2*y - 3*b = 21, b - 3*b = -4*y + 22. Suppose 5*c + 0*i = -i + 457, y*i + 377 = 4*c. What are the prime factors of c?
2, 23
Let q = 598 + -149. What are the prime factors of q?
449
Let j be ((-2)/2)/((-3)/18). Let u be j/(1 - 3) + -33. Let w = u + 65. List the prime factors of w.
29
Let m(c) be the first derivative of -11*c**2 + 38*c + 15. List the prime factors of m(-6).
2, 5, 17
Let l(a) = 0*a - 11*a - 45*a + 0 + 12. What are the prime factors of l(-3)?
2, 3, 5
Suppose 40 = -2*y + 7*y. Suppose 4*z + 2*i = 26, -4*z - 2*i + y = -3*z. What are the prime factors of (-9)/((-2)/z*1)?
3
Let n = -19 - -16. Let k be 1 - (1 - (n + 3)). Suppose -4*h + 4*s = -124, k*h - s = 2*h - 62. What are the prime factors of h?
31
Let w(c) = -c**3 + 7*c**2 - 15*c + 14. Let b be w(6). Let a = 34 - b. What are the prime factors of a?
2, 37
Suppose -2*i + s + 385 = 0, 740 = -0*i + 4*i + 4*s. Let m = i + -109. What are the prime factors of m?
3
Let c = 3544 - 2064. List the prime factors of c.
2, 5, 37
Let g be (8 + -11)*-1*55. Let s = g - 71. List the prime factors of s.
2, 47
Let w(z) = 76*z**2 + 2*z + 1. What are the prime factors of w(2)?
3, 103
Suppose b + 0*b - 2*v + 14 = 0, 5*b + 58 = 4*v. Let z = -8 - b. Suppose u + z*u + 3*c = 9, 0 = 4*c. What are the prime factors of u?
3
Suppose 53 + 2 = j - 2*b, 0 = -5*j + 5*b + 285. Suppose 2*x - j = 65. List the prime factors of x.
2, 31
Let l = -3804 - -5786. What are the prime factors of l?
2, 991
Suppose -3*o + 5 = -6*o + 2*k, 3*o + 30 = -3*k. Let v(x) = x**3 + 3*x**2 - 6*x + 6. Let w be v(o). Let p = -4 - w. List the prime factors of p.
2, 5
Suppose -h + 6 = 4. Suppose 6*q + o = 3*q - 4, -h = 4*q + 2*o. Let i = 14 + q. List the prime factors of i.
11
Let b(s) = 52*s - 6. Let j(q) = 5 + 6 - 52*q - 6. Let u(g) = 6*b(g) + 7*j(g). What are the prime factors of u(-1)?
3, 17
Let y = 309 - 124. Suppose -31*p + y = -26*p. What are the prime factors of p?
37
Let a = -23 + 27. Let j(n) = 40*n + 30. What are the prime factors of j(a)?
2, 5, 19
Let g(l) = 3*l**2 - l - 29. What are the prime factors of g(-8)?
3, 19
Let k(n) = -3*n + 3. Let x(g) = -8*g - 2 + 9 + 5 - 5*g. Let r(d) = 9*k(d) - 2*x(d). What are the prime factors of r(-7)?
2, 5
Let z = -154 + 144. Let g(i) = -5 - i**2 - 2*i - 10*i + 0*i. List the prime factors of g(z).
3, 5
Let b = 155 + 4. List the prime factors of b.
3, 53
Let r(p) = 16*p - 111. List the prime factors of r(19).
193
Suppose 12*x - 15*x + 132 = 0. Suppose 2*v - 2*m = -3*v + x, 23 = 2*v + m. What are the prime factors of v?
2, 5
Let q(y) be the first derivative of -y**3/3 - 10*y**2 + 16*y + 36. What are the prime factors of q(-18)?
2, 13
Let o = 20 - 14. Suppose 160 = 11*c - o*c. What are the prime factors of c?
2
Suppose l = q - 69, 0 = -2*l + 6*l - 20. Let j = -5 + q. What are the prime factors of j?
3, 23
Suppose 2*d - 3*d = 2. Let r(i) = -3*i**2 - 5*i + 2. Let a(s) = s**2 + s + 1. Let b(f) = d*a(f) - r(f). List the prime factors of b(-5).
2, 3
Let u(r) = -r**3 + 5*r**2 - r + 22. Let q be u(6). Let k(z) = -z**2 - 21*z + 13. What are the prime factors of k(q)?
3, 11
Let l(b) = 14*b - 31*b + 15*b + 0 - 6. List the prime factors of l(-10).
2, 7
Suppose -v - 1 = -4*d, -6*v + v + 17 = 2*d. Suppose u = 3*m + 28 - 494, -5*m - v*u + 800 = 0. List the prime factors of m.
157
Let d = -15 - -13. Let q be ((-44)/(-16))/(d/(-48)). List the prime factors of (q/8)/(3/12).
3, 11
Suppose 6*s - 155 = 367. Suppose -19*u + 18*u + s = 0. Suppose w = 5*i + 16, -5*w = -3*w + i - u. List the prime factors of w.
41
Let w be -1 - 2 - 0/4. Let x be 73/4 - 1/4. Let s = x - w. What are the prime factors of s?
3, 7
Let d = 0 + -2. Let k(a) = -a**2 - 2*a - 4. Let w(o) = -2*o**2 - 3*o - 9. Let l(s) = d*w(s) + 5*k(s). List the prime factors of l(-2).
2
Let q be 26 + (-4 - -1 - -5). Let r = -2 + q. List the prime factors of r.
2, 13
Let f = 3 + -1. Suppose -8 = -p + f. Suppose p = 4*s + 2. What are the prime factors of s?
2
Let q(k) = -8*k - 29 + 3*k + 35 + 9*k**2. List the prime factors of q(4).
2, 5, 13
Let b(i) = -15*i + 42*i - 5 - 24*i. Suppose 13 = 3*q - 5. List the prime factors of b(q).
13
Suppose 5*g + 4*h = 288, 9 = 3*h - 6*h. Let q = g - 40. Let a = -6 + q. List the prime factors of a.
2, 7
Let a be (-6)/(-15) + 2 + 1252/20. What are the prime factors of (-1 + -1)/((-2)/a)?
5, 13
List the prime factors of (160/(-60))/((-2)/810).
2, 3, 5
Let b(w) = -2*w**3 - 9*w**2 - 10*w + 34. What are the prime factors of b(-16)?
2, 3041
Suppose 4 = u - m, 5*m + 20 = -u - 0*u. Suppose u = -0*w - 4*w + 352. List the prime factors of w.
2, 11
Let o be 8/12*6 - -3. Suppose 0 = 5*y - 15, -o*b + 3*b - 21 = -3*y. What are the prime factors of 3 + b - -34 - -3?
37
Suppose 2*i = -f + 177, -4*f + i + 660 = -3*i. Suppose 3*b - f = 86. Let x = b + -30. List the prime factors of x.
5, 11
Let n(b) be the second derivative of -b**5/20 + b**4/3 - 2*b**3/3 - 7*b**2/2 - 3*b. Let j be n(5). Let y = -32 - j. List the prime factors of y.
2, 5
Suppose 0 = 2*c + 5*y - 28, 2*c - 36 = -2*c - 5*y. Suppose p - 107 = 2*f, -c*f - 23 = 3*p - 324. Let n = p + -52. What are the prime factors of n?
3, 17
Suppose 68*a = 72*a + 36. Suppose 5*x + 30 = 2*r + 3*r, 2*x = -4*r. What are the prime factors of a*(-4 - -1) + x?
23
Let f be -58 + (-4 - (-2 + -4) - -2). Let j = f + 58. List the prime factors of j.
2
Suppose 4*x = -12, -2*x = 3*b + 8 + 22. Let v = 121 - b. What are the prime factors of v?
3, 43
Let y = 326 - 42. What are the prime factors of y?
2, 71
Let l(m) = -5*m + 49. Let i(w) = w**2 + 6*w + 9. Let o be i(-3). List the prime factors of l(o).
7
Suppose -5 = -4*i - m + 8, 4*i - 7 = -3*m. Suppose 3 = -i*c - 29. What are the prime factors of 15*1 - (-10 - c)?
17
Suppose -22 = -6*d - 10. List the prime factors of ((-22)/(-10) - d) + 444/30.
3, 5
Suppose r + 8 = 3*r. Suppose r*g - t + 0*t = 244, 5*t = -3*g + 160. Suppose 2*o = -o + g. What are the prime factors of o?
2, 5
Suppose p = -2*p + 15. Let z = -8 + 13. Suppose 3*y = -5*c + 263, p*c - z*y = 28 + 267. What are the prime factors of c?
5, 11
Let l = -36 - -33. What are the prime factors of 28/((l + 8)/5)?
2, 7
Let q(r) = 0 + 1 + 4*r + 0. Let j be q(-1). What are the prime factors of -23*(0 + 3)/j?
23
Suppose -3*u = -8*u + 585. List the prime factors of u.
3, 13
Let r(i) = -i**3 + 5*i**2 - 4*i - 3. Let h be r(3). Let f be 1161/(-6)*(-4)/6. Suppose -2*z = h*p - 70, 2*z - 4*p - f = -3*z. What are the prime factors of z?
29
Let c = -737 + 1170. Suppose n = k + 89, -4*n + k + c = n. List the prime factors of n.
2, 43
Let f(m) = 296*m + 12. Let c be f(2). Suppose -2*k = -5*g